{"id":138,"date":"2021-11-09T05:11:37","date_gmt":"2021-11-09T05:11:37","guid":{"rendered":"http:\/\/beneluxms.pl\/?page_id=138"},"modified":"2021-12-04T11:58:25","modified_gmt":"2021-12-04T11:58:25","slug":"o-nas-polski","status":"publish","type":"page","link":"http:\/\/beneluxms.pl\/","title":{"rendered":"O nas &#8211; Polski"},"content":{"rendered":"\t\t<div data-elementor-type=\"wp-page\" data-elementor-id=\"138\" class=\"elementor elementor-138\" data-elementor-settings=\"[]\">\n\t\t\t\t\t\t\t<div class=\"elementor-section-wrap\">\n\t\t\t\t\t\t\t<section class=\"elementor-section elementor-top-section elementor-element elementor-element-ed1a573 elementor-section-full_width elementor-section-stretched elementor-section-height-default elementor-section-height-default\" data-id=\"ed1a573\" data-element_type=\"section\" data-settings=\"{&quot;stretch_section&quot;:&quot;section-stretched&quot;}\">\n\t\t\t\t\t\t<div class=\"elementor-container elementor-column-gap-default\">\n\t\t\t\t\t<div class=\"elementor-column elementor-col-100 elementor-top-column elementor-element elementor-element-3c1d2c8\" data-id=\"3c1d2c8\" data-element_type=\"column\">\n\t\t\t<div class=\"elementor-widget-wrap elementor-element-populated\">\n\t\t\t\t\t\t\t\t<div class=\"elementor-element elementor-element-cf016a9 elementor-widget elementor-widget-advanced-carousel\" data-id=\"cf016a9\" data-element_type=\"widget\" data-widget_type=\"advanced-carousel.default\">\n\t\t\t\t<div class=\"elementor-widget-container\">\n\t\t\t\r\n\t\t<!--====== HTML CODING START ========-->\r\n\r\n\t\t<section class=\"tm-slider slider  default-tdt\" id=\"tdt-slider-45\" data-mobiles=\"1\" data-tabs=\"1\" data-slick='{\"arrows\": true, \"autoplaySpeed\": 2500, \"dots\": false, \"autoplay\": true, \"infinite\": true, \"adaptiveHeight\": true, \"pauseOnHover\": true, \"slidesToShow\": 1, \"slidesToScroll\": 1, \"fade\": true, \"touchThreshold\": 5}'>\r\n\t\t\t\t\t\t\t  <div>\r\n\t\t\t\t  \t\t\t\t\t\t\t\t\t\t\t\t<a>\r\n\t\t\t\t\t\t\t\t\t\t\t\t\t\t\t\t<span class=\"ultimate-slide-img\" style=\"max-width: 100%; border-radius: ; margin-bottom: 15px;\">\r\n\t\t\t\t\t  \t\t<img loading=\"lazy\" decoding=\"async\" width=\"1920\" height=\"500\" src=\"http:\/\/beneluxms.pl\/wp-content\/uploads\/2021\/11\/slide_2.png\" class=\"attachment-full size-full\" alt=\"\" srcset=\"http:\/\/beneluxms.pl\/wp-content\/uploads\/2021\/11\/slide_2.png 1920w, http:\/\/beneluxms.pl\/wp-content\/uploads\/2021\/11\/slide_2-300x78.png 300w, http:\/\/beneluxms.pl\/wp-content\/uploads\/2021\/11\/slide_2-1024x267.png 1024w, http:\/\/beneluxms.pl\/wp-content\/uploads\/2021\/11\/slide_2-768x200.png 768w, http:\/\/beneluxms.pl\/wp-content\/uploads\/2021\/11\/slide_2-1536x400.png 1536w, http:\/\/beneluxms.pl\/wp-content\/uploads\/2021\/11\/slide_2-1568x408.png 1568w\" sizes=\"auto, (max-width: 1920px) 100vw, 1920px\" style=\"width:100%;height:26.04%;max-width:1920px;\" \/>\t\t\t\t\t\t<\/span>\r\n\t\t\t\t\t\t\r\n\t\t\t\t\t\t<\/a>\r\n\t\t\t\t  \t<span class=\"content-section\">\r\n\t\t\t\t\t  \t<br>\r\n\r\n\t\t\t\t\t  \t\t\t\t\t\t  \t<p>&nbsp;<\/p>\r\n\t\t\t\t  \t<\/span>\r\n\t\t\t\t  <\/div>\r\n\t\t\t\t\t\t\t  <div>\r\n\t\t\t\t  \t\t\t\t\t\t\t\t\t\t\t\t<a>\r\n\t\t\t\t\t\t\t\t\t\t\t\t\t\t\t\t<span class=\"ultimate-slide-img\" style=\"max-width: 100%; border-radius: ; margin-bottom: 15px;\">\r\n\t\t\t\t\t  \t\t<img loading=\"lazy\" decoding=\"async\" width=\"1920\" height=\"500\" src=\"http:\/\/beneluxms.pl\/wp-content\/uploads\/2021\/11\/slide_1.png\" class=\"attachment-full size-full\" alt=\"\" srcset=\"http:\/\/beneluxms.pl\/wp-content\/uploads\/2021\/11\/slide_1.png 1920w, http:\/\/beneluxms.pl\/wp-content\/uploads\/2021\/11\/slide_1-300x78.png 300w, http:\/\/beneluxms.pl\/wp-content\/uploads\/2021\/11\/slide_1-1024x267.png 1024w, http:\/\/beneluxms.pl\/wp-content\/uploads\/2021\/11\/slide_1-768x200.png 768w, http:\/\/beneluxms.pl\/wp-content\/uploads\/2021\/11\/slide_1-1536x400.png 1536w, http:\/\/beneluxms.pl\/wp-content\/uploads\/2021\/11\/slide_1-1568x408.png 1568w\" sizes=\"auto, (max-width: 1920px) 100vw, 1920px\" style=\"width:100%;height:26.04%;max-width:1920px;\" \/>\t\t\t\t\t\t<\/span>\r\n\t\t\t\t\t\t\r\n\t\t\t\t\t\t<\/a>\r\n\t\t\t\t  \t<span class=\"content-section\">\r\n\t\t\t\t\t  \t<br>\r\n\r\n\t\t\t\t\t  \t\t\t\t\t\t  \t<p>&nbsp;<\/p>\r\n\t\t\t\t  \t<\/span>\r\n\t\t\t\t  <\/div>\r\n\t\t\t\t\t<\/section>\r\n\r\n\t\t<style>\r\n\t\t\t#tdt-slider-45 .slick-prev {\r\n\t\t\t\tleft: 40px !important;\r\n\t\t\t}\r\n\t\t\t#tdt-slider-45 .slick-next {\r\n\t\t\t\tright: 40px !important;\r\n\t\t\t}\r\n\t\t\t#tdt-slider-45.content-over-slider .slick-slide .content-section {\r\n\t\t\t\ttop: %;\r\n\t\t\t}\r\n\t\t\t@media only screen and (max-width: 480px) {\r\n\t\t\t\t#tdt-slider-45.content-over-slider .slick-slide .content-section {\r\n\t\t\t\t\ttop: 35px !important;\r\n\t\t\t\t}\r\n\t\t\t\t#tdt-slider-45.content-over-slider .ultimate-slide-img img{\r\n\t\t\t\t\theight: px !important;\r\n\t\t\t\t\tobject-fit: cover;\r\n\t\t\t\t}\r\n\t\t\t\t#tdt-slider-45 .slick-prev, #tdt-slider-45 .slick-next {\r\n\t\t\t\t\tdisplay: block !important;\r\n\t\t\t\t}\r\n\t\t\t}\r\n\t\t<\/style>\r\n\r\n\t\t\t\t<\/div>\n\t\t\t\t<\/div>\n\t\t\t\t\t<\/div>\n\t\t<\/div>\n\t\t\t\t\t\t\t<\/div>\n\t\t<\/section>\n\t\t\t\t<section class=\"elementor-section elementor-top-section elementor-element elementor-element-0818d66 elementor-section-boxed elementor-section-height-default elementor-section-height-default elementor-invisible\" data-id=\"0818d66\" data-element_type=\"section\" data-settings=\"{&quot;background_background&quot;:&quot;classic&quot;,&quot;animation&quot;:&quot;fadeInRight&quot;}\">\n\t\t\t\t\t\t<div class=\"elementor-container elementor-column-gap-default\">\n\t\t\t\t\t<div class=\"elementor-column elementor-col-100 elementor-top-column elementor-element elementor-element-cee7196\" data-id=\"cee7196\" data-element_type=\"column\">\n\t\t\t<div class=\"elementor-widget-wrap elementor-element-populated\">\n\t\t\t\t\t\t\t\t<div class=\"elementor-element elementor-element-706aab6 elementor-widget elementor-widget-text-editor\" data-id=\"706aab6\" data-element_type=\"widget\" data-widget_type=\"text-editor.default\">\n\t\t\t\t<div class=\"elementor-widget-container\">\n\t\t\t\t\t\t\t<h3><strong>O nas<\/strong><\/h3><p>Jeste\u015bmy profesjonaln\u0105 firma budowaln\u0105 z bogatym do\u015bwiadczeniem w projektach krajowych i mi\u0119dzynarodowych. Obs\u0142ugujemy projekty indywidualne i przemys\u0142owe. Zajmujemy si\u0119 kompleksow\u0105 realizacj\u0105 inwestycji. Przy kompleksowej obs\u0142udze projekt\u00f3w budowlanych wykonujemy ka\u017cdy zakres prac budowlanych oraz zajmujemy si\u0119 monta\u017cem i demonta\u017cem rusztowa\u0144 systemowych, wykonywaniem izolacji przemys\u0142owych oraz zapewniamy obs\u0142ug\u0119 spawalnicz\u0105.<\/p><p>Do swojej pracy podchodzimy z pasj\u0105 i zaanga\u017cowaniem kieruj\u0105c si\u0119 najwy\u017cszymi standardami bezpiecze\u0144stwa. W tym celu nieustannie podnosimy wewn\u0119trzne standardy bezpiecze\u0144stwa oraz spe\u0142niamy mi\u0119dzynarodowe normy. Posiadamy certyfikat VCA.<\/p><p>Jeste\u015bmy firm\u0105 odpowiedzialn\u0105 spo\u0142ecznie dlatego ch\u0119tnie anga\u017cujemy si\u0119 w dzia\u0142alno\u015b\u0107 charytatywnych oraz anga\u017cujemy si\u0119 w projekty ekologiczno- spo\u0142eczne. W naszej codziennej pracy dzia\u0142amy na rzecz ochrony \u015brodowiska poprzez etyczne gospodarowanie zasobami.<\/p><p>Jako firma d\u0105\u017c\u0105ca do rozwoju swoich kompetencji i otwarta na wsp\u00f3\u0142prac\u0119 w celu wymiany do\u015bwiadcze\u0144 i inspiracji do dalszego dzia\u0142ania od 2019 roku jeste\u015bmy aktywnymi cz\u0142onkami Polskiej Izby Gospodarczej Rusztowa\u0144, a od 2020 roku Pracodawc\u00f3w Pomorza.<\/p>\t\t\t\t\t\t<\/div>\n\t\t\t\t<\/div>\n\t\t\t\t<div class=\"elementor-element elementor-element-6746e71 elementor-widget elementor-widget-image\" data-id=\"6746e71\" data-element_type=\"widget\" data-widget_type=\"image.default\">\n\t\t\t\t<div class=\"elementor-widget-container\">\n\t\t\t\t\t\t\t\t\t\t\t\t\t\t\t<img loading=\"lazy\" decoding=\"async\" width=\"750\" height=\"563\" src=\"http:\/\/beneluxms.pl\/wp-content\/uploads\/2021\/11\/IMG-3029-768x576.jpg\" class=\"attachment-medium_large size-medium_large\" alt=\"\" srcset=\"http:\/\/beneluxms.pl\/wp-content\/uploads\/2021\/11\/IMG-3029-768x576.jpg 768w, http:\/\/beneluxms.pl\/wp-content\/uploads\/2021\/11\/IMG-3029-300x225.jpg 300w, http:\/\/beneluxms.pl\/wp-content\/uploads\/2021\/11\/IMG-3029-1024x768.jpg 1024w, http:\/\/beneluxms.pl\/wp-content\/uploads\/2021\/11\/IMG-3029-1536x1152.jpg 1536w, http:\/\/beneluxms.pl\/wp-content\/uploads\/2021\/11\/IMG-3029-1568x1176.jpg 1568w, http:\/\/beneluxms.pl\/wp-content\/uploads\/2021\/11\/IMG-3029.jpg 2048w\" sizes=\"auto, (max-width: 750px) 100vw, 750px\" style=\"width:100%;height:75%;max-width:2048px\" \/>\t\t\t\t\t\t\t\t\t\t\t\t\t\t\t<\/div>\n\t\t\t\t<\/div>\n\t\t\t\t\t<\/div>\n\t\t<\/div>\n\t\t\t\t\t\t\t<\/div>\n\t\t<\/section>\n\t\t\t\t\t\t<\/div>\n\t\t\t\t\t<\/div>\n\t\t","protected":false},"excerpt":{"rendered":"<p>&nbsp; &nbsp; O nas Jeste\u015bmy profesjonaln\u0105 firma budowaln\u0105 z bogatym do\u015bwiadczeniem w projektach krajowych i mi\u0119dzynarodowych. Obs\u0142ugujemy projekty indywidualne i przemys\u0142owe. Zajmujemy si\u0119 kompleksow\u0105 realizacj\u0105 inwestycji. Przy kompleksowej obs\u0142udze projekt\u00f3w budowlanych wykonujemy ka\u017cdy zakres prac budowlanych oraz zajmujemy si\u0119 monta\u017cem i demonta\u017cem rusztowa\u0144 systemowych, wykonywaniem izolacji przemys\u0142owych oraz zapewniamy obs\u0142ug\u0119 spawalnicz\u0105. Do swojej pracy podchodzimy&hellip; <a class=\"more-link\" href=\"http:\/\/beneluxms.pl\/\">Czytaj dalej <span class=\"screen-reader-text\">O nas &#8211; Polski<\/span><\/a><\/p>\n","protected":false},"author":1,"featured_media":0,"parent":0,"menu_order":0,"comment_status":"closed","ping_status":"closed","template":"elementor_header_footer","meta":{"_editorskit_title_hidden":false,"_editorskit_reading_time":0,"_editorskit_typography_data":[],"_editorskit_blocks_typography":"","_editorskit_is_block_options_detached":false,"_editorskit_block_options_position":"{}","footnotes":""},"class_list":["post-138","page","type-page","status-publish","hentry","entry"],"_links":{"self":[{"href":"http:\/\/beneluxms.pl\/index.php?rest_route=\/wp\/v2\/pages\/138","targetHints":{"allow":["GET"]}}],"collection":[{"href":"http:\/\/beneluxms.pl\/index.php?rest_route=\/wp\/v2\/pages"}],"about":[{"href":"http:\/\/beneluxms.pl\/index.php?rest_route=\/wp\/v2\/types\/page"}],"author":[{"embeddable":true,"href":"http:\/\/beneluxms.pl\/index.php?rest_route=\/wp\/v2\/users\/1"}],"replies":[{"embeddable":true,"href":"http:\/\/beneluxms.pl\/index.php?rest_route=%2Fwp%2Fv2%2Fcomments&post=138"}],"version-history":[{"count":61,"href":"http:\/\/beneluxms.pl\/index.php?rest_route=\/wp\/v2\/pages\/138\/revisions"}],"predecessor-version":[{"id":512,"href":"http:\/\/beneluxms.pl\/index.php?rest_route=\/wp\/v2\/pages\/138\/revisions\/512"}],"wp:attachment":[{"href":"http:\/\/beneluxms.pl\/index.php?rest_route=%2Fwp%2Fv2%2Fmedia&parent=138"}],"curies":[{"name":"wp","href":"https:\/\/api.w.org\/{rel}","templated":true}]}}